{"id":177,"date":"2020-03-07T09:57:22","date_gmt":"2020-03-07T09:57:22","guid":{"rendered":"http:\/\/kreisgruppe-augsburg.de\/?page_id=177"},"modified":"2025-05-27T17:03:49","modified_gmt":"2025-05-27T17:03:49","slug":"tanzgruppe","status":"publish","type":"page","link":"https:\/\/kreisgruppe-augsburg.de\/?page_id=177","title":{"rendered":"Tanzgruppe"},"content":{"rendered":"\n<p><strong>Siebenb\u00fcrgische Tanzgruppe Augsburg<\/strong><br><br>Die &#8222;\u00e4lteste&#8220; aktive Gruppe in Augsburg ist die Tanzgruppe. Sie wurde von Hannelore Maiterth im Oktober 1978 in der Gastst\u00e4tte &#8222;Wiener Neustadt&#8220; gegr\u00fcndet.<br><br>Viele junge Siebenb\u00fcrgerinnen und Siebenb\u00fcrger fanden sich regelm\u00e4\u00dfig zur Tanzprobe ein und bald hatte die Gruppe ihre ersten Auftritte bei B\u00e4llen, Veranstaltungen der Kreisgruppe Augsburg und anderer Kreisgruppen. Faschingsb\u00e4lle wurden organisiert, Auftritte bei den Ostdeutschen Kulturtagen folgten und als ein H\u00f6hepunkt ist die Reise nach Kanada 1983 zu werten.<br><br>Durch den steten Zuwachs von Jugendlichen musste bald eine &#8222;Jugendtanzgruppe&#8220; gegr\u00fcndet werden, welche nach und nach in die bestehende integriert wurde. Teilnahmen bei den siebenb\u00fcrgischen und europ\u00e4ischen Volkstanzwettbewerben &#8222;Europeaden&#8220; z.B. in Belgien, Spanien, Frankreich usw. trugen zum Erfolg der Gruppe bei.<\/p>\n\n\n\n<figure class=\"wp-block-image size-large is-style-default\"><img loading=\"lazy\" decoding=\"async\" width=\"1024\" height=\"682\" src=\"https:\/\/kreisgruppe-augsburg.de\/wp-content\/uploads\/2021\/01\/IMG-20200825-WA0011-1024x682.jpg\" alt=\"\" class=\"wp-image-445\" srcset=\"https:\/\/kreisgruppe-augsburg.de\/wp-content\/uploads\/2021\/01\/IMG-20200825-WA0011-1024x682.jpg 1024w, https:\/\/kreisgruppe-augsburg.de\/wp-content\/uploads\/2021\/01\/IMG-20200825-WA0011-300x200.jpg 300w, https:\/\/kreisgruppe-augsburg.de\/wp-content\/uploads\/2021\/01\/IMG-20200825-WA0011-768x512.jpg 768w, https:\/\/kreisgruppe-augsburg.de\/wp-content\/uploads\/2021\/01\/IMG-20200825-WA0011-1536x1023.jpg 1536w, https:\/\/kreisgruppe-augsburg.de\/wp-content\/uploads\/2021\/01\/IMG-20200825-WA0011-600x400.jpg 600w, https:\/\/kreisgruppe-augsburg.de\/wp-content\/uploads\/2021\/01\/IMG-20200825-WA0011-945x630.jpg 945w, https:\/\/kreisgruppe-augsburg.de\/wp-content\/uploads\/2021\/01\/IMG-20200825-WA0011.jpg 1600w\" sizes=\"auto, (max-width: 1024px) 100vw, 1024px\" \/><figcaption class=\"wp-element-caption\"> 09.06.2019 Auftritt am Heimattag in Dinkelsb\u00fchl<\/figcaption><\/figure>\n\n\n\n<p>Nur wenige Siebenb\u00fcrgische Tanzgruppen binden, so wie Augsburg, die verschiedenen Elemente wie Gesang, Platteln, Paschen, wo sie dazu geh\u00f6ren, in die T\u00e4nze mit ein. Seit bald 30 Jahren ist die Tanzgruppe verantwortlich f\u00fcr das Gelingen des traditionellen Kronenfestes, wo allein mit Manneskraft der Stamm erklommen werden muss.<br><br>Die Tanzgruppenleitung \u00fcbernahm im Jahre 1990 Hannelore Scheiber, 1991 Gerlinde Theil und Helmut Schwarz. Dieser leitete die Gruppe \u00fcber&nbsp;zweieinhalb Jahrzehnte, sp\u00e4ter zusammen mit Ute Bako und danach mit Udo Schneider. Im Jahr 2019 ging die Leitung an Udo Schneider und Frank Orend \u00fcber. Ab September 2021 stand die Tanzgruppe unter der Leitung von Lisa Spielhaupter und Frank Orend, im Dezember 2023 \u00fcbernahmen Agnes Bartel und Maximilian G\u00f6ddert die Gruppenleitung.<\/p>\n\n\n\n<p><br>Im November 2018 feierte die Gruppe ihr 40-j\u00e4hriges Bestehen. \u00dcber 250  T\u00e4nzerinnen und T\u00e4nzer haben in diesem Zeitraum ihren Beitrag zum Fortbestand unserer Gemeinschaft geleistet. <\/p>\n\n\n\n<figure class=\"wp-block-image size-large is-style-default\"><img loading=\"lazy\" decoding=\"async\" width=\"768\" height=\"1024\" src=\"https:\/\/kreisgruppe-augsburg.de\/wp-content\/uploads\/2021\/01\/IMG-20190722-WA0035-768x1024.jpg\" alt=\"\" class=\"wp-image-444\" srcset=\"https:\/\/kreisgruppe-augsburg.de\/wp-content\/uploads\/2021\/01\/IMG-20190722-WA0035-768x1024.jpg 768w, https:\/\/kreisgruppe-augsburg.de\/wp-content\/uploads\/2021\/01\/IMG-20190722-WA0035-225x300.jpg 225w, https:\/\/kreisgruppe-augsburg.de\/wp-content\/uploads\/2021\/01\/IMG-20190722-WA0035-1152x1536.jpg 1152w, https:\/\/kreisgruppe-augsburg.de\/wp-content\/uploads\/2021\/01\/IMG-20190722-WA0035-600x800.jpg 600w, https:\/\/kreisgruppe-augsburg.de\/wp-content\/uploads\/2021\/01\/IMG-20190722-WA0035-945x1260.jpg 945w, https:\/\/kreisgruppe-augsburg.de\/wp-content\/uploads\/2021\/01\/IMG-20190722-WA0035.jpg 1200w\" sizes=\"auto, (max-width: 768px) 100vw, 768px\" \/><figcaption class=\"wp-element-caption\">21.07.2019 Tanz um den Kronenbaum auf dem Augsburger Kronenfest<\/figcaption><\/figure>\n\n\n\n<p>Die darauf folgende Corona-Pandemie schr\u00e4nkte nat\u00fcrlich auch die Aktivit\u00e4ten der Tanzgruppe stark ein, jedoch konnte die Gemeinschaft innerhalb der Gruppe durch digitale Treffen und Aktionen am Leben erhalten werden. Alsbald wie m\u00f6glich wurde danach der normale Betrieb aufgenommen und am Heimattag 2023 begeisterten 16 Paare mit der Arl\u00f6vs-Quadrille das anwesende Publikum.<\/p>\n\n\n\n<figure class=\"wp-block-image size-large is-resized\"><img loading=\"lazy\" decoding=\"async\" width=\"1024\" height=\"768\" src=\"https:\/\/kreisgruppe-augsburg.de\/wp-content\/uploads\/2023\/07\/8d4273d4-0982-4752-8c32-e002ffd2ecc8-1024x768.jpg\" alt=\"\" class=\"wp-image-1020\" style=\"width:840px;height:auto\" srcset=\"https:\/\/kreisgruppe-augsburg.de\/wp-content\/uploads\/2023\/07\/8d4273d4-0982-4752-8c32-e002ffd2ecc8-1024x768.jpg 1024w, https:\/\/kreisgruppe-augsburg.de\/wp-content\/uploads\/2023\/07\/8d4273d4-0982-4752-8c32-e002ffd2ecc8-300x225.jpg 300w, https:\/\/kreisgruppe-augsburg.de\/wp-content\/uploads\/2023\/07\/8d4273d4-0982-4752-8c32-e002ffd2ecc8-768x576.jpg 768w, https:\/\/kreisgruppe-augsburg.de\/wp-content\/uploads\/2023\/07\/8d4273d4-0982-4752-8c32-e002ffd2ecc8-1536x1152.jpg 1536w, https:\/\/kreisgruppe-augsburg.de\/wp-content\/uploads\/2023\/07\/8d4273d4-0982-4752-8c32-e002ffd2ecc8-600x450.jpg 600w, https:\/\/kreisgruppe-augsburg.de\/wp-content\/uploads\/2023\/07\/8d4273d4-0982-4752-8c32-e002ffd2ecc8-945x709.jpg 945w, https:\/\/kreisgruppe-augsburg.de\/wp-content\/uploads\/2023\/07\/8d4273d4-0982-4752-8c32-e002ffd2ecc8.jpg 2048w\" sizes=\"auto, (max-width: 1024px) 100vw, 1024px\" \/><figcaption class=\"wp-element-caption\">Heimattag 2023<\/figcaption><\/figure>\n\n\n\n<p>Jede Woche Freitags ab 19.30 Uhr finden die Proben im Haus der Begegnung statt.<\/p>\n\n\n\n<p>Kontaktieren Sie uns gerne unter: tanzgruppe@kreisgruppe-augsburg.de<\/p>\n\n\n\n<p><\/p>\n\n\n\n<p><\/p>\n","protected":false},"excerpt":{"rendered":"<p>Siebenb\u00fcrgische Tanzgruppe Augsburg Die &#8222;\u00e4lteste&#8220; aktive Gruppe in Augsburg ist die Tanzgruppe. Sie wurde von Hannelore Maiterth im Oktober 1978 in der Gastst\u00e4tte &#8222;Wiener Neustadt&#8220; gegr\u00fcndet. Viele junge Siebenb\u00fcrgerinnen und Siebenb\u00fcrger fanden sich regelm\u00e4\u00dfig zur Tanzprobe ein und bald hatte&#8230; <a class=\"more-link\" href=\"https:\/\/kreisgruppe-augsburg.de\/?page_id=177\">Weiterlesen &rarr;<\/a><\/p>\n","protected":false},"author":1,"featured_media":0,"parent":152,"menu_order":0,"comment_status":"closed","ping_status":"closed","template":"","meta":{"ngg_post_thumbnail":0,"footnotes":""},"class_list":["post-177","page","type-page","status-publish","hentry"],"jetpack_sharing_enabled":true,"_links":{"self":[{"href":"https:\/\/kreisgruppe-augsburg.de\/index.php?rest_route=\/wp\/v2\/pages\/177","targetHints":{"allow":["GET"]}}],"collection":[{"href":"https:\/\/kreisgruppe-augsburg.de\/index.php?rest_route=\/wp\/v2\/pages"}],"about":[{"href":"https:\/\/kreisgruppe-augsburg.de\/index.php?rest_route=\/wp\/v2\/types\/page"}],"author":[{"embeddable":true,"href":"https:\/\/kreisgruppe-augsburg.de\/index.php?rest_route=\/wp\/v2\/users\/1"}],"replies":[{"embeddable":true,"href":"https:\/\/kreisgruppe-augsburg.de\/index.php?rest_route=%2Fwp%2Fv2%2Fcomments&post=177"}],"version-history":[{"count":19,"href":"https:\/\/kreisgruppe-augsburg.de\/index.php?rest_route=\/wp\/v2\/pages\/177\/revisions"}],"predecessor-version":[{"id":1266,"href":"https:\/\/kreisgruppe-augsburg.de\/index.php?rest_route=\/wp\/v2\/pages\/177\/revisions\/1266"}],"up":[{"embeddable":true,"href":"https:\/\/kreisgruppe-augsburg.de\/index.php?rest_route=\/wp\/v2\/pages\/152"}],"wp:attachment":[{"href":"https:\/\/kreisgruppe-augsburg.de\/index.php?rest_route=%2Fwp%2Fv2%2Fmedia&parent=177"}],"curies":[{"name":"wp","href":"https:\/\/api.w.org\/{rel}","templated":true}]}}

<p><strong>Siebenbürgische Tanzgruppe Augsburg</strong><br><br>Die &#8222;älteste&#8220; aktive Gruppe in Augsburg ist die Tanzgruppe. Sie wurde von Hannelore Maiterth im Oktober 1978 in der Gaststätte &#8222;Wiener Neustadt&#8220; gegründet.<br><br>Viele junge Siebenbürgerinnen und Siebenbürger fanden sich regelmäßig zur Tanzprobe ein und bald hatte die Gruppe ihre ersten Auftritte bei Bällen, Veranstaltungen der Kreisgruppe Augsburg und anderer Kreisgruppen. Faschingsbälle wurden organisiert, Auftritte bei den Ostdeutschen Kulturtagen folgten und als ein Höhepunkt ist die Reise nach Kanada 1983 zu werten.<br><br>Durch den steten Zuwachs von Jugendlichen musste bald eine &#8222;Jugendtanzgruppe&#8220; gegründet werden, welche nach und nach in die bestehende integriert wurde. Teilnahmen bei den siebenbürgischen und europäischen Volkstanzwettbewerben &#8222;Europeaden&#8220; z.B. in Belgien, Spanien, Frankreich usw. trugen zum Erfolg der Gruppe bei.</p>



<figure class="wp-block-image size-large is-style-default"><img loading="lazy" decoding="async" width="1024" height="682" src="https://kreisgruppe-augsburg.de/wp-content/uploads/2021/01/IMG-20200825-WA0011-1024x682.jpg" alt="" class="wp-image-445" srcset="https://kreisgruppe-augsburg.de/wp-content/uploads/2021/01/IMG-20200825-WA0011-1024x682.jpg 1024w, https://kreisgruppe-augsburg.de/wp-content/uploads/2021/01/IMG-20200825-WA0011-300x200.jpg 300w, https://kreisgruppe-augsburg.de/wp-content/uploads/2021/01/IMG-20200825-WA0011-768x512.jpg 768w, https://kreisgruppe-augsburg.de/wp-content/uploads/2021/01/IMG-20200825-WA0011-1536x1023.jpg 1536w, https://kreisgruppe-augsburg.de/wp-content/uploads/2021/01/IMG-20200825-WA0011-600x400.jpg 600w, https://kreisgruppe-augsburg.de/wp-content/uploads/2021/01/IMG-20200825-WA0011-945x630.jpg 945w, https://kreisgruppe-augsburg.de/wp-content/uploads/2021/01/IMG-20200825-WA0011.jpg 1600w" sizes="auto, (max-width: 1024px) 100vw, 1024px" /><figcaption class="wp-element-caption"> 09.06.2019 Auftritt am Heimattag in Dinkelsbühl</figcaption></figure>



<p>Nur wenige Siebenbürgische Tanzgruppen binden, so wie Augsburg, die verschiedenen Elemente wie Gesang, Platteln, Paschen, wo sie dazu gehören, in die Tänze mit ein. Seit bald 30 Jahren ist die Tanzgruppe verantwortlich für das Gelingen des traditionellen Kronenfestes, wo allein mit Manneskraft der Stamm erklommen werden muss.<br><br>Die Tanzgruppenleitung übernahm im Jahre 1990 Hannelore Scheiber, 1991 Gerlinde Theil und Helmut Schwarz. Dieser leitete die Gruppe über&nbsp;zweieinhalb Jahrzehnte, später zusammen mit Ute Bako und danach mit Udo Schneider. Im Jahr 2019 ging die Leitung an Udo Schneider und Frank Orend über. Ab September 2021 stand die Tanzgruppe unter der Leitung von Lisa Spielhaupter und Frank Orend, im Dezember 2023 übernahmen Agnes Bartel und Maximilian Göddert die Gruppenleitung.</p>



<p><br>Im November 2018 feierte die Gruppe ihr 40-jähriges Bestehen. Über 250  Tänzerinnen und Tänzer haben in diesem Zeitraum ihren Beitrag zum Fortbestand unserer Gemeinschaft geleistet. </p>



<figure class="wp-block-image size-large is-style-default"><img loading="lazy" decoding="async" width="768" height="1024" src="https://kreisgruppe-augsburg.de/wp-content/uploads/2021/01/IMG-20190722-WA0035-768x1024.jpg" alt="" class="wp-image-444" srcset="https://kreisgruppe-augsburg.de/wp-content/uploads/2021/01/IMG-20190722-WA0035-768x1024.jpg 768w, https://kreisgruppe-augsburg.de/wp-content/uploads/2021/01/IMG-20190722-WA0035-225x300.jpg 225w, https://kreisgruppe-augsburg.de/wp-content/uploads/2021/01/IMG-20190722-WA0035-1152x1536.jpg 1152w, https://kreisgruppe-augsburg.de/wp-content/uploads/2021/01/IMG-20190722-WA0035-600x800.jpg 600w, https://kreisgruppe-augsburg.de/wp-content/uploads/2021/01/IMG-20190722-WA0035-945x1260.jpg 945w, https://kreisgruppe-augsburg.de/wp-content/uploads/2021/01/IMG-20190722-WA0035.jpg 1200w" sizes="auto, (max-width: 768px) 100vw, 768px" /><figcaption class="wp-element-caption">21.07.2019 Tanz um den Kronenbaum auf dem Augsburger Kronenfest</figcaption></figure>



<p>Die darauf folgende Corona-Pandemie schränkte natürlich auch die Aktivitäten der Tanzgruppe stark ein, jedoch konnte die Gemeinschaft innerhalb der Gruppe durch digitale Treffen und Aktionen am Leben erhalten werden. Alsbald wie möglich wurde danach der normale Betrieb aufgenommen und am Heimattag 2023 begeisterten 16 Paare mit der Arlövs-Quadrille das anwesende Publikum.</p>



<figure class="wp-block-image size-large is-resized"><img loading="lazy" decoding="async" width="1024" height="768" src="https://kreisgruppe-augsburg.de/wp-content/uploads/2023/07/8d4273d4-0982-4752-8c32-e002ffd2ecc8-1024x768.jpg" alt="" class="wp-image-1020" style="width:840px;height:auto" srcset="https://kreisgruppe-augsburg.de/wp-content/uploads/2023/07/8d4273d4-0982-4752-8c32-e002ffd2ecc8-1024x768.jpg 1024w, https://kreisgruppe-augsburg.de/wp-content/uploads/2023/07/8d4273d4-0982-4752-8c32-e002ffd2ecc8-300x225.jpg 300w, https://kreisgruppe-augsburg.de/wp-content/uploads/2023/07/8d4273d4-0982-4752-8c32-e002ffd2ecc8-768x576.jpg 768w, https://kreisgruppe-augsburg.de/wp-content/uploads/2023/07/8d4273d4-0982-4752-8c32-e002ffd2ecc8-1536x1152.jpg 1536w, https://kreisgruppe-augsburg.de/wp-content/uploads/2023/07/8d4273d4-0982-4752-8c32-e002ffd2ecc8-600x450.jpg 600w, https://kreisgruppe-augsburg.de/wp-content/uploads/2023/07/8d4273d4-0982-4752-8c32-e002ffd2ecc8-945x709.jpg 945w, https://kreisgruppe-augsburg.de/wp-content/uploads/2023/07/8d4273d4-0982-4752-8c32-e002ffd2ecc8.jpg 2048w" sizes="auto, (max-width: 1024px) 100vw, 1024px" /><figcaption class="wp-element-caption">Heimattag 2023</figcaption></figure>



<p>Jede Woche Freitags ab 19.30 Uhr finden die Proben im Haus der Begegnung statt.</p>



<p>Kontaktieren Sie uns gerne unter: tanzgruppe@kreisgruppe-augsburg.de</p>



<p></p>



<p></p>

<p>Siebenbürgische Tanzgruppe Augsburg Die &#8222;älteste&#8220; aktive Gruppe in Augsburg ist die Tanzgruppe. Sie wurde von Hannelore Maiterth im Oktober 1978 in der Gaststätte &#8222;Wiener Neustadt&#8220; gegründet. Viele junge Siebenbürgerinnen und Siebenbürger fanden sich regelmäßig zur Tanzprobe ein und bald hatte&#8230; <a class="more-link" href="https://kreisgruppe-augsburg.de/?page_id=177">Weiterlesen &rarr;</a></p>
