{"id":185,"date":"2020-03-07T09:58:53","date_gmt":"2020-03-07T09:58:53","guid":{"rendered":"http:\/\/kreisgruppe-augsburg.de\/?page_id=185"},"modified":"2021-01-18T16:31:12","modified_gmt":"2021-01-18T16:31:12","slug":"da-capo-chor","status":"publish","type":"page","link":"https:\/\/kreisgruppe-augsburg.de\/?page_id=185","title":{"rendered":"Da Capo Chor"},"content":{"rendered":"\n<p><strong>&#8222;Da Capo&#8220;-Chor<\/strong><br>Der Jugendchor, welcher besonders das siebenb\u00fcrgische Liedgut, aber auch  das Volks- und Kunstlied pflegt, wurde am 05.03.1997 von Helga  Schw\u00e4gele gegr\u00fcndet und steht seit dem unter ihrer Leitung.<br><br>Musik aus dem &#8222;Pop-Bereich&#8220; geh\u00f6rt auch zum Repertoire.  Blockfl\u00f6ten,  Querfl\u00f6ten und Gitarren begleiten den Gesang. Der Chor wirkte mit bei  Festen und Veranstaltungen der Kreisgruppe, von Vereinen und  Kirchengemeinden und \u00fcbernahm die musikalische Gestaltung von  Gottesdiensten. Die Chorproben finden w\u00f6chentlich statt.<\/p>\n\n\n\n<figure class=\"wp-block-image size-large is-style-default\"><img loading=\"lazy\" decoding=\"async\" width=\"2560\" height=\"1707\" src=\"https:\/\/kreisgruppe-augsburg.de\/wp-content\/uploads\/2021\/01\/22.12.2019-Adventsgottesdienst-in-St.-Johannes-scaled.jpg\" alt=\"\" class=\"wp-image-413\" srcset=\"https:\/\/kreisgruppe-augsburg.de\/wp-content\/uploads\/2021\/01\/22.12.2019-Adventsgottesdienst-in-St.-Johannes-scaled.jpg 2560w, https:\/\/kreisgruppe-augsburg.de\/wp-content\/uploads\/2021\/01\/22.12.2019-Adventsgottesdienst-in-St.-Johannes-300x200.jpg 300w, https:\/\/kreisgruppe-augsburg.de\/wp-content\/uploads\/2021\/01\/22.12.2019-Adventsgottesdienst-in-St.-Johannes-768x512.jpg 768w, https:\/\/kreisgruppe-augsburg.de\/wp-content\/uploads\/2021\/01\/22.12.2019-Adventsgottesdienst-in-St.-Johannes-2048x1365.jpg 2048w, https:\/\/kreisgruppe-augsburg.de\/wp-content\/uploads\/2021\/01\/22.12.2019-Adventsgottesdienst-in-St.-Johannes-600x400.jpg 600w, https:\/\/kreisgruppe-augsburg.de\/wp-content\/uploads\/2021\/01\/22.12.2019-Adventsgottesdienst-in-St.-Johannes-945x630.jpg 945w\" sizes=\"auto, (max-width: 2560px) 100vw, 2560px\" \/><figcaption>22.12.2019 Adventsgottesdienst in St. Johannes<\/figcaption><\/figure>\n\n\n\n<p>Am 18. M\u00e4rz 2007 feierte der Chor sein 10-j\u00e4hriges Jubil\u00e4um. Im Rahmen eines kulturellen Nachmittags der Kreisgruppe feierte der Da Capo 2017  sein 20-j\u00e4hriges Jubil\u00e4um. Der Chor probt freitags von 19.00-20.00 Uhr. <\/p>\n","protected":false},"excerpt":{"rendered":"<p>&#8222;Da Capo&#8220;-ChorDer Jugendchor, welcher besonders das siebenb\u00fcrgische Liedgut, aber auch das Volks- und Kunstlied pflegt, wurde am 05.03.1997 von Helga Schw\u00e4gele gegr\u00fcndet und steht seit dem unter ihrer Leitung. Musik aus dem &#8222;Pop-Bereich&#8220; geh\u00f6rt auch zum Repertoire. Blockfl\u00f6ten, Querfl\u00f6ten und&#8230; <a class=\"more-link\" href=\"https:\/\/kreisgruppe-augsburg.de\/?page_id=185\">Weiterlesen &rarr;<\/a><\/p>\n","protected":false},"author":1,"featured_media":408,"parent":152,"menu_order":0,"comment_status":"closed","ping_status":"closed","template":"","meta":{"ngg_post_thumbnail":0,"footnotes":""},"class_list":["post-185","page","type-page","status-publish","has-post-thumbnail","hentry"],"jetpack_sharing_enabled":true,"_links":{"self":[{"href":"https:\/\/kreisgruppe-augsburg.de\/index.php?rest_route=\/wp\/v2\/pages\/185","targetHints":{"allow":["GET"]}}],"collection":[{"href":"https:\/\/kreisgruppe-augsburg.de\/index.php?rest_route=\/wp\/v2\/pages"}],"about":[{"href":"https:\/\/kreisgruppe-augsburg.de\/index.php?rest_route=\/wp\/v2\/types\/page"}],"author":[{"embeddable":true,"href":"https:\/\/kreisgruppe-augsburg.de\/index.php?rest_route=\/wp\/v2\/users\/1"}],"replies":[{"embeddable":true,"href":"https:\/\/kreisgruppe-augsburg.de\/index.php?rest_route=%2Fwp%2Fv2%2Fcomments&post=185"}],"version-history":[{"count":4,"href":"https:\/\/kreisgruppe-augsburg.de\/index.php?rest_route=\/wp\/v2\/pages\/185\/revisions"}],"predecessor-version":[{"id":440,"href":"https:\/\/kreisgruppe-augsburg.de\/index.php?rest_route=\/wp\/v2\/pages\/185\/revisions\/440"}],"up":[{"embeddable":true,"href":"https:\/\/kreisgruppe-augsburg.de\/index.php?rest_route=\/wp\/v2\/pages\/152"}],"wp:featuredmedia":[{"embeddable":true,"href":"https:\/\/kreisgruppe-augsburg.de\/index.php?rest_route=\/wp\/v2\/media\/408"}],"wp:attachment":[{"href":"https:\/\/kreisgruppe-augsburg.de\/index.php?rest_route=%2Fwp%2Fv2%2Fmedia&parent=185"}],"curies":[{"name":"wp","href":"https:\/\/api.w.org\/{rel}","templated":true}]}}

<p><strong>&#8222;Da Capo&#8220;-Chor</strong><br>Der Jugendchor, welcher besonders das siebenbürgische Liedgut, aber auch  das Volks- und Kunstlied pflegt, wurde am 05.03.1997 von Helga  Schwägele gegründet und steht seit dem unter ihrer Leitung.<br><br>Musik aus dem &#8222;Pop-Bereich&#8220; gehört auch zum Repertoire.  Blockflöten,  Querflöten und Gitarren begleiten den Gesang. Der Chor wirkte mit bei  Festen und Veranstaltungen der Kreisgruppe, von Vereinen und  Kirchengemeinden und übernahm die musikalische Gestaltung von  Gottesdiensten. Die Chorproben finden wöchentlich statt.</p>



<figure class="wp-block-image size-large is-style-default"><img loading="lazy" decoding="async" width="2560" height="1707" src="https://kreisgruppe-augsburg.de/wp-content/uploads/2021/01/22.12.2019-Adventsgottesdienst-in-St.-Johannes-scaled.jpg" alt="" class="wp-image-413" srcset="https://kreisgruppe-augsburg.de/wp-content/uploads/2021/01/22.12.2019-Adventsgottesdienst-in-St.-Johannes-scaled.jpg 2560w, https://kreisgruppe-augsburg.de/wp-content/uploads/2021/01/22.12.2019-Adventsgottesdienst-in-St.-Johannes-300x200.jpg 300w, https://kreisgruppe-augsburg.de/wp-content/uploads/2021/01/22.12.2019-Adventsgottesdienst-in-St.-Johannes-768x512.jpg 768w, https://kreisgruppe-augsburg.de/wp-content/uploads/2021/01/22.12.2019-Adventsgottesdienst-in-St.-Johannes-2048x1365.jpg 2048w, https://kreisgruppe-augsburg.de/wp-content/uploads/2021/01/22.12.2019-Adventsgottesdienst-in-St.-Johannes-600x400.jpg 600w, https://kreisgruppe-augsburg.de/wp-content/uploads/2021/01/22.12.2019-Adventsgottesdienst-in-St.-Johannes-945x630.jpg 945w" sizes="auto, (max-width: 2560px) 100vw, 2560px" /><figcaption>22.12.2019 Adventsgottesdienst in St. Johannes</figcaption></figure>



<p>Am 18. März 2007 feierte der Chor sein 10-jähriges Jubiläum. Im Rahmen eines kulturellen Nachmittags der Kreisgruppe feierte der Da Capo 2017  sein 20-jähriges Jubiläum. Der Chor probt freitags von 19.00-20.00 Uhr. </p>

<p>&#8222;Da Capo&#8220;-ChorDer Jugendchor, welcher besonders das siebenbürgische Liedgut, aber auch das Volks- und Kunstlied pflegt, wurde am 05.03.1997 von Helga Schwägele gegründet und steht seit dem unter ihrer Leitung. Musik aus dem &#8222;Pop-Bereich&#8220; gehört auch zum Repertoire. Blockflöten, Querflöten und&#8230; <a class="more-link" href="https://kreisgruppe-augsburg.de/?page_id=185">Weiterlesen &rarr;</a></p>
