{"id":204,"date":"2020-10-07T10:03:48","date_gmt":"2020-10-07T10:03:48","guid":{"rendered":"http:\/\/kreisgruppe-augsburg.de\/?page_id=204"},"modified":"2023-07-03T10:31:58","modified_gmt":"2023-07-03T10:31:58","slug":"kulturreferat","status":"publish","type":"page","link":"https:\/\/kreisgruppe-augsburg.de\/?page_id=204","title":{"rendered":"Kulturreferat"},"content":{"rendered":"\n<p>Die vielf\u00e4ltige kulturelle \u00d6ffentlichkeitsarbeit der Kreisgruppe ist im Laufe der Jahre gewachsen und das Dank vieler ehrenamtlicher Mitarbeiter. <br>Seit 1996 ist das Kulturreferat von Maria Schenker, Horst Mayer und Willi Roth besetzt.<br><br>Maria Schenker die fachkundige Kennerin der siebenb\u00fcrgischen Tracht und Brauchtums tr\u00e4gt zum Erhalt der siebenb\u00fcrgischen Brauchtumspflege unter ver\u00e4nderten Bedingungen bei. <br><br>Horst Mayer, Kunstmaler aus Kronstadt organisiert in Augsburg und dar\u00fcber hinaus Ausstellungen wie z.B. &#8222;.. und z\u00f6gernd br\u00f6ckelt der Stein&#8220;, &#8222;Siebenb\u00fcrgen im Flug&#8220;. Horst Mayer war auch im Rahmen der Gruppenausstellung &#8222;Burzenland &#8211; K\u00fcnstlerland&#8220; mit eigenen Aquarellen beim Heimattag 1998 in Dinkelsb\u00fchl vertreten. Ebenfalls einen wichtigen Beitrag leistete Horst Mayer bei der Mitarbeit der Ausstellung &#8222;50 Jahre Heimatvertriebene in Friedberg&#8220; in der Schlo\u00dfgalerie des Heimatmuseums.<\/p>\n\n\n\n<p>Wilhelm Roth, der bereits in Siebenb\u00fcrgen \u00fcber einzigartiges Dokumentationsmaterial verf\u00fcgte hielt seit 1983 viele Vortr\u00e4ge auch weit \u00fcber die Grenzen Augsburgs hinaus. 1989 wurde in Augsburg das Bukowina-Institut gegr\u00fcndet und Roth regte bei dem Leiter des Instituts, Dr. Ortfried Kotzian, die Vortragsreihe &#8222;Die Deutschen in Rum\u00e4nien&#8220; an. 1994 gab Wilhelm Roth auch den Ansto\u00df zur Wiederbelebung und Weiterf\u00fchrung der Siebenb\u00fcrger Mundartdichtertreffen in der Bundesrepublik Deutschland und organisierte in Leitershofen zusammen mit Oswald Kessler das 7. Mundartdichtertreffen.<br>1997 gr\u00fcndete W. Roth eine eigene Vortragsreihe mit dem Titel &#8222;Verst\u00e4ndnis f\u00fcreinander&#8220; in deren Rahmen er monatlich Vortr\u00e4ge \u00fcber Rum\u00e4nien mit Schwerpunkt Siebenb\u00fcrgen mit den unterschiedlichsten Referenten organisiert.<br>W. Roth erstellte u.a. die Ausstellungen &#8222;Johannes Honterus&#8220;, &#8222;Der Deutsche Ritterorden im Burzenland&#8220;, \u201eDie Ausstrahlung der Confessio Augustana nach Siebenb\u00fcrgen\u201c und die Ausstellung zur 50-Jahr-Feier der Kreisgruppe. Er trug dadurch zur Intensivierung der \u00d6ffentlichkeitsarbeit bei. Sein Amt als Kulturreferent legte er im Mai 2010 nach 21 Jahren nieder. Im M\u00e4rz 2011 wurde Wilhelm Ernst Roth f\u00fcr seine Verdienste mit der Medaille \u201ePro Meritis\u201c des Verbandes der Siebenb\u00fcrger Sachsen geehrt. <\/p>\n\n\n\n<p>Im Jahre 2008 stie\u00df Annemarie Klein als Kulturreferentin zu Maria Schenker dazu. Sie beide sind an der Planung und Durchf\u00fchrung kultureller Veranstaltungen und Gottesdienste beteiligt. Im Rahmen der \u201eAugsburger Europawoche\u201c werden Beitr\u00e4ge im Programmheft angeboten, wie Siebenb\u00fcrgische Kochnachmittage und Vortragsabende mit den unterschiedlichsten Themen, wie \u201cDie Landler in Siebenb\u00fcrgen, \u201eUnser Jakobsweg\u201c, \u201eFlucht, Vertreibung, Integration\u201c. Die Beteiligung mit einem Stand (Kulinarische-Siebenb\u00fcrgische Spezialit\u00e4ten, Handarbeiten, B\u00fccher und Info-Materialien) am Europatag oder in der Augsburger Innenstadt geh\u00f6ren ebenfalls dazu. im Mai 2022 \u00fcbernahmen Ute Bako und Ulrike Lassner die Aufgabe siebenb\u00fcrgische Kultur und Tradition in Augsburg weiter zu f\u00fchren.<\/p>\n\n\n\n<p>Kontaktaufnahme \u00fcber: kulturreferat@kreisgruppe-augsburg.de<\/p>\n\n\n\n<p><\/p>\n","protected":false},"excerpt":{"rendered":"<p>Die vielf\u00e4ltige kulturelle \u00d6ffentlichkeitsarbeit der Kreisgruppe ist im Laufe der Jahre gewachsen und das Dank vieler ehrenamtlicher Mitarbeiter. Seit 1996 ist das Kulturreferat von Maria Schenker, Horst Mayer und Willi Roth besetzt. Maria Schenker die fachkundige Kennerin der siebenb\u00fcrgischen Tracht&#8230; <a class=\"more-link\" href=\"https:\/\/kreisgruppe-augsburg.de\/?page_id=204\">Weiterlesen &rarr;<\/a><\/p>\n","protected":false},"author":1,"featured_media":0,"parent":156,"menu_order":0,"comment_status":"closed","ping_status":"closed","template":"","meta":{"ngg_post_thumbnail":0,"footnotes":""},"class_list":["post-204","page","type-page","status-publish","hentry"],"jetpack_sharing_enabled":true,"_links":{"self":[{"href":"https:\/\/kreisgruppe-augsburg.de\/index.php?rest_route=\/wp\/v2\/pages\/204","targetHints":{"allow":["GET"]}}],"collection":[{"href":"https:\/\/kreisgruppe-augsburg.de\/index.php?rest_route=\/wp\/v2\/pages"}],"about":[{"href":"https:\/\/kreisgruppe-augsburg.de\/index.php?rest_route=\/wp\/v2\/types\/page"}],"author":[{"embeddable":true,"href":"https:\/\/kreisgruppe-augsburg.de\/index.php?rest_route=\/wp\/v2\/users\/1"}],"replies":[{"embeddable":true,"href":"https:\/\/kreisgruppe-augsburg.de\/index.php?rest_route=%2Fwp%2Fv2%2Fcomments&post=204"}],"version-history":[{"count":4,"href":"https:\/\/kreisgruppe-augsburg.de\/index.php?rest_route=\/wp\/v2\/pages\/204\/revisions"}],"predecessor-version":[{"id":1018,"href":"https:\/\/kreisgruppe-augsburg.de\/index.php?rest_route=\/wp\/v2\/pages\/204\/revisions\/1018"}],"up":[{"embeddable":true,"href":"https:\/\/kreisgruppe-augsburg.de\/index.php?rest_route=\/wp\/v2\/pages\/156"}],"wp:attachment":[{"href":"https:\/\/kreisgruppe-augsburg.de\/index.php?rest_route=%2Fwp%2Fv2%2Fmedia&parent=204"}],"curies":[{"name":"wp","href":"https:\/\/api.w.org\/{rel}","templated":true}]}}